j - 2. Calculate u(1).
-13
Let s(o) = -o**3 + 20*o**2 + o - 12. What is s(20)?
8
Let a(b) = -b**3 - 3*b**2 + 6*b + 4. Determine a(-4).
-4
Let v(k) = -4*k + 7. Calculate v(1).
3
Let u(k) = -k**3 + 17*k**2 + 16*k + 29. Determine u(18).
-7
Let q(r) = r**2 - 13*r - 47. Determine q(16).
1
Let l(w) = -w**3 - 12*w**2 + 2*w + 20. Calculate l(-12).
-4
Let m(i) = 2*i**2 + 3*i - 2. Give m(-4).
18
Let m(r) = -86*r - 1300. Calculate m(-15).
-10
Let y(w) = -w**3 + 41*w**2 - 120*w + 236. Give y(38).
8
Let v(p) = -4*p + 81. Calculate v(17).
13
Let q(z) = 224*z - 662. Determine q(3).
10
Let b(y) = 5*y**2 - 4*y - 1. What is b(2)?
11
Let u(h) = h**2 + 16*h - 10. Determine u(-15).
-25
Let r(o) = 3*o**2 - 13*o - 11. Give r(5).
-1
Let x(j) = j**3 - 6*j**2 - 10*j + 31. Give x(7).
10
Let d(p) = -p**2 - 6*p + 57. Determine d(-11).
2
Let p(u) = -2*u + 8. What is p(6)?
-4
Let i(w) = w**3 - 9*w**2 - 2*w + 13. What is i(9)?
-5
Let v(a) = a**2 - 4*a + 1. Give v(4).
1
Let v(n) = -3*n**2 + 12*n - 2. Calculate v(3).
7
Let x(v) = v**2 + 27*v - 65. What is x(-29)?
-7
Let t(c) = c**3 + 8. Determine t(-4).
-56
Let x(i) = 2*i**3 + 4*i**2 + 4*i - 4. Calculate x(-3).
-34
Let y(d) = 2*d**2 + 19*d + 3. Determine y(-8).
-21
Let y(m) = -3*m**2 - 225*m - 223. Determine y(-74).
-1
Let v(c) = 6*c - 7. What is v(3)?
11
Let b(m) = 26*m**3 - 2*m**2 + 1. Calculate b(1).
25
Let q(n) = -n**2 + 8*n - 4. What is q(5)?
11
Let q(j) = 4*j**2 - 2*j + 2. Determine q(1).
4
Let l(f) = f**3 - 3*f**2 - 3*f. Determine l(-2).
-14
Let z(k) = -k**3 - 17*k**2 + 38*k - 17. What is z(-19)?
-17
Let g(c) = -2*c**2 - 46*c + 14. Calculate g(-23).
14
Let n(w) = -w**3 + 11*w**2 - w - 6. Give n(11).
-17
Let a(v) = 39*v - 3. Determine a(-4).
-159
Let g(s) = s**3 - 9*s - 6. Give g(-3).
-6
Let s(q) = q**2 - 9*q + 30. What is s(9)?
30
Let d(m) = m**2 - 4*m - 7. Calculate d(3).
-10
Let s(z) = 8*z + 4. Calculate s(5).
44
Let x(v) = v - 18. Determine x(12).
-6
Let o(z) = 3*z**2 - 76*z + 24. Give o(25).
-1
Let h(w) = -4*w + 30. Give h(-6).
54
Let d(m) = -10*m**2 - 152*m - 26. Determine d(-15).
4
Let r(n) = 2*n**2 - 2*n - 1. Calculate r(3).
11
Let s(c) = -c**2 - 5*c + 25. Determine s(-7).
11
Let k(x) = 79*x**3 - x**2 - x - 1. Calculate k(-1).
-80
Let c(s) = -s**3 + 6*s**2 + 5*s. Calculate c(6).
30
Let l(q) = -q**2 - 2*q - 135. Determine l(0).
-135
Let a(b) = -b**2 - 8*b + 98. Give a(-15).
-7
Let b(m) = 54*m**2 + m - 1. Calculate b(-1).
52
Let i(g) = 7*g. Calculate i(-1).
-7
Let v(d) = 5*d + 30. Determine v(-5).
5
Let v(z) = -4*z**2 + 14*z + 15. Calculate v(4).
7
Let b(c) = -c**3 + 9*c**2 + 12*c - 7. Give b(7).
175
Let o(z) = -2*z**2 + 12*z - 12. Calculate o(5).
-2
Let s(k) = 5*k**2 + 121*k + 13. Give s(-24).
-11
Let u(k) = 15*k + 62. Determine u(-4).
2
Let q(l) = 12*l**2 - 6*l + 9. Give q(3).
99
Let s(y) = -23*y**3 + y**2 - y - 1. What is s(-1)?
24
Let b(q) = -q - 5. Calculate b(-3).
-2
Let i(v) = v**2 - 15*v - 73. Determine i(19).
3
Let k(m) = 3*m**2 + 11*m - 36. What is k(-10)?
154
Let p(f) = -f**2 - 13*f - 9. Give p(-10).
21
Let s(y) = -4*y - 8. Determine s(6).
-32
Let n(g) = g**2 + g - 9. Determine n(-10).
81
Let x(n) = n**2 - 41*n + 127. What is x(38)?
13
Let h(r) = 16*r**2 - 1. Give h(-1).
15
Let g(p) = p**2 - 7*p. Give g(6).
-6
Let t(b) = 16*b - 1070. Calculate t(67).
2
Let i(h) = h**2 - 14*h - 17. What is i(12)?
-41
Let j(h) = -6*h - 3. Determine j(2).
-15
Let m(u) = -3*u**2 - 5*u - 2. Determine m(-6).
-80
Let q(w) = 29*w**2 - 1. Calculate q(1).
28
Let r(x) = -x**2 + 14*x + 31. Give r(7).
80
Let d(r) = -7*r**3 + 3*r**2 + r - 2. Determine d(2).
-44
Let g(x) = 2*x**3 + 18*x**2 + 41*x + 362. What is g(-9)?
-7
Let v(m) = -m**3 - 7*m**2 - 8*m - 15. Give v(-6).
-3
Let t(a) = -a**3 - 4*a**2 - 7*a - 6. Determine t(-2).
0
Let d(v) = -63*v**2 - v + 1. Determine d(1).
-63
Let l(p) = -2*p + 30. Calculate l(-12).
54
Let p(n) = n**2 + 32*n + 132. Determine p(-27).
-3
Let v(y) = -2*y + 19. What is v(-19)?
57
Let h(m) = 4*m + 16. Determine h(-5).
-4
Let a(i) = -i**3 + 6*i**2 - 7*i - 2. Calculate a(5).
-12
Let d(n) = -n**2 + 5*n + 19. Determine d(7).
5
Let v(u) = -3*u**2 - u - 2. Calculate v(-2).
-12
Let t(c) = c**3 - 25*c**2 - 25*c - 33. Determine t(26).
-7
Let h(r) = -r**2 - r + 7. Give h(-6).
-23
Let t(c) = -c**3 - 7*c**2 + 11*c + 9. What is t(-7)?
-68
Let j(l) = 3*l**3 + 10*l**2 + l - 8. What is j(-3)?
-2
Let a(f) = -f**2 + 5*f - 4. Determine a(5).
-4
Let g(r) = -r**3 - 8*r**2 - 15*r - 13. Give g(-6).
5
Let u(c) = -2*c**2 - 18*c + 6. Calculate u(-9).
6
Let v(s) = -7*s - 5. Give v(-1).
2
Let n(o) = 104*o**3 + o**2 + o - 1. What is n(-1)?
-105
Let j(p) = 5*p + 62. Give j(-13).
-3
Let d(w) = 2*w + 1. What is d(3)?
7
Let g(f) = -f**3 + f**2 + 9*f - 9. Give g(3).
0
Let t(f) = 7*f**2 - f + 1. Calculate t(3).
61
Let x(g) = g**3 + 36*g**2 + 64*g - 128. Give x(-34).
8
Let d(v) = 9*v + 113. What is d(-11)?
14
Let v(p) = -p**2 - 6*p - 8. What is v(-5)?
-3
Let d(s) = s**3 + 12*s**2 + s + 11. Calculate d(-12).
-1
Let z(w) = -w**3 + 11*w**2 + 4*w - 15. Give z(11).
29
Let q(y) = -111*y**3 + 4*y**2 + 7*y + 4. Determine q(-1).
112
Let i(r) = r**2 + 4*r - 6. Give i(-5).
-1
Let u(i) = -8*i**2 - 2*i + 1. What is u(2)?
-35
Let q(r) = -r**2 - 13*r + 1. What is q(-12)?
13
Let c(l) = l**3 + 14*l**2 - 20*l - 29. What is c(-15)?
46
Let l(g) = -3*g - 49. Give l(-11).
-16
Let p(m) = -4*m. Determine p(-1).
4
Let z(c) = c**2 + 19*c + 104. Determine z(-12).
20
Let l(t) = -t**2 - 4*t + 5. Give l(-5).
0
Let u(c) = 36*c**3 - 2*c**2 + 1. What is u(1)?
35
Let t(g) = 6*g + 41. Calculate t(-7).
-1
Let i(j) = j**3 + 12*j**2 + 3*j + 6. What is i(-12)?
-30
Let k(y) = -y**3 - 6*y**2 + 26*y - 11. Give k(-9).
-2
Let d(g) = 12*g - 3. What is d(1)?
9
Let x(o) = o**2 + 11*o - 37. What is x(3)?
5
Let i(t) = -t**3 - 13*t**2 + 11*t + 1. What is i(-14)?
43
Let x(d) = -98*d + 264. Give x(3).
-30
Let j(s) = -s**2 - 16*s + 19. Determine j(-17).
2
Let m(o) = 21*o - 45. What is m(2)?
-3
Let l(v) = -v**3 - 38*v**2 - 75*v - 78. Determine l(-36).
30
Let y(n) = 3*n - 36. Calculate y(14).
6
Let y(k) = 73*k + 360. Give y(-5).
-5
Let x(r) = r**3 - 14*r**2 + 14. Give x(14).
14
Let s(n) = -n**3 + 4. What is s(2)?
-4
Let a(j) = j**3 - 14*j**2 - 7*j + 17. Determine a(15).
137
Let r(x) = x**3 - 19*x**2 - 1. Determine r(19).
-1
Let t(b) = -4*b + 18. Give t(4).
2
Let u(a) = 2*a - 7. Give u(3).
-1
Let a(x) = x**2 - 40*x + 112. Give a(37).
1
Let f(o) = -o**2 + 8*o - 3. What is f(8)?
-3
Let i(h) = 8*h + 23. Give i(-7).
-33
Let r(m) = -2*m - 12. Give r(12).
-36
Let r(i) = i**3 + 10*i**2 - 3*i + 9. What is r(-10)?
39
Let p(y) = -4*y**2 - 35*y + 2. What is p(-9)?
-7
Let g(b) = -b**3 - 15*b**2 + 22*b + 21. Give g(-16).
-75
Let o(d) = -5*d - 4. Calculate o(-3).
11
Let s(z) = -z**2 - 10*z - 11. Give s(-9).
-2
Let p(d) = d**3 + 10*d**2 + 5*d + 13. Calculate p(-9).
49
Let u(i) = 10*i - 67. Calculate u(10).
33
Let p(h) = h**2 - 4*h - 1. What is p(8)?
31
Let p(n) = 8*n - 28. Give p(3).
-4
Let c(o) = -3*o**2 + 38*o - 19. Determine c(12).
5
Let h(j) = 4*j**3 + 3*j**2 - 4*j - 7. Determine h(-3).
-76
Let c(w) = 4*w**2 - 7*w + 9. What is c(4)?
45
Let s(k) = -k**3 + 11*k**2 + 13*k - 29. Give s(12).
-17
Let s(m) = 7*m - 15. Give s(8).
41
Let x(b) = -b**2 + 4*b + 2. Determine x(3).
5
Let d(r) = 3*r**3 - r**2 + 5*r + 8. Calculate d(-2).
-30
Let d(w) = w**2 - 9*w - 9. Determine d(10).
1
Let n(q) = 12*q - 32. Determine n(3).
4
Let j(h) = h**3 - h**2 - 4*h + 1. Determine j(-3).
-23
Let b(g) = 3*g - 14. What is b(3)?
-5
Let g(c) = c**2 - 22*c + 2. What is g(22)?
2
Let a(z) = -z**3 + 17*z - 4. Determine a(4).
0
Let g(m) = m**2 + 21*m - 491. Calculate g(-35).
-1
Let g(i) = i**3 - 8*i**2 + 10*i - 15. Give g(7).
6
Let k(a) = -a + 1. Give k(7).
-6
Let f(w) = -3*w**2 + 108*w - 3. What is f(36)?
-3
Let z(v) = -v**3 - 8*v**2 + 12*v + 30. Calculate z(-9).
3
Let y(a) = 23*a**2 + 5*a + 1. Give y(-2).
83
Let b(o) = -o**3 - 5*o**2 - 6. What is b(-5)?
-6
Let h(t) = t**3 + 16*t**2 + 29*t + 11. Determine h(-14).
-3
Let q(f) = -f**3 + 4*f**2 - 6*f + 10. What is q(4)?
-14
Let o(a) = -22*a**3 + a**2 - a + 1. Calculate o(1).
-21
Let j(p) = 6*p - 18. Give j(16).
78
Let m(p) = p**3 - 3*p**2 - 6. Determine m(4).
10
Let n(o) = o**3 + 7*o**2 + 6*o + 4. What is n(-6)?
4
Let z(s) = s**3 - 4*s**2 - 15*s + 35. Give z(5).
-15
Let a(y) = 2*y**2 - 18*y -